 13 - (1 + 1).
-1
Calculate -7 + -3 + 6 + -3.
-7
Evaluate (-6 + 4 + -4 - -6) + -3.
-3
What is the value of (-4 - 0) + 2 + 5 + 2?
5
Calculate -10 - (7 + -14 - 11).
8
Evaluate 0 + 5 - (4 - 3).
4
What is 3 + (-2 - (-4 - -2)) + 0?
3
Calculate 1 - -1 - (-3 + -4 - -7).
2
(-4 + (9 - 5) - -4) + -6
-2
0 - (-2 + 5) - -1
-2
9 + (-8 - (-2 - -6))
-3
What is 0 - (4 - (-2 - -7))?
1
Evaluate 3 - (3 - (1 + 0) - 4).
5
What is the value of -6 - (4 + (0 - 6) - -3)?
-7
Calculate 18 - 15 - ((0 - 3) + 0).
6
What is 0 + (3 - 2 - 0) - -1?
2
Evaluate -11 + 16 + (0 - 5).
0
5 + -2 - -6 - 1
8
(1 - 1) + -5 + 10 + 1
6
Evaluate -2 - 0 - (-5 + 0 + 3).
0
Calculate -22 + 25 + 1 + -7 - 1.
-4
(0 + -2 - (-4 - -2)) + 1
1
What is the value of 11 + (2 - 16) + 2 + 4?
3
What is (-1 - (-7 - -1)) + -8?
-3
Calculate (-5 - (6 - 3)) + 7 + -2.
-3
21 - 16 - (0 + 1 - 0)
4
-5 + 1 + 4 + -7 + 2
-5
1 - -2 - -3 - 3
3
Evaluate (-12 - 1 - -6) + -3.
-10
What is the value of -3 + (-3 - -5) - (-25 + 25)?
-1
What is -6 + 8 + 1 - 2?
1
Calculate (-7 - -6) + (-8 - (4 + -6)).
-7
Calculate -37 + 39 + (-1 - 4).
-3
Calculate -1 + 0 + (-2 - (6 + -4)).
-5
What is -2 - (-11 + 8 - (0 + -6))?
-5
Evaluate 0 + -5 + 0 - (-2 - 1).
-2
What is the value of -7 + 7 - (0 + -9 + 1)?
8
(11 - (7 - 3)) + 0 + 1
8
Calculate 0 - (2 + -4) - 2.
0
Calculate 9 + -5 + (-3 - 0).
1
What is 5 - 3 - (1 - 1) - 2?
0
What is (6 - 5) + -6 - -8?
3
What is (0 + -5 - -2) + 1 + -1?
-3
What is the value of (-7 - -7) + -1 + -4?
-5
Evaluate 15 + -6 + 14 + -14.
9
12 + 6 - 9 - 8
1
Evaluate 15 + (-10 - 1) + (-7 - 1).
-4
What is 0 - (4 + -6) - 3?
-1
Evaluate (2 + -10 - -1) + -1 + 4.
-4
Evaluate -1 + 1 + 0 - (-3 - -2).
1
4 + (5 - ((3 - -2) + 1))
3
Calculate -2 + (8 - 1) + 0.
5
What is (-7 - -3) + -3 - (1 + -4)?
-4
What is 9 + -8 + -7 - (-1 - 0)?
-5
Calculate -4 - (0 - (-7 - -5)) - 0.
-6
-13 + 0 + 0 - (-6 + 0)
-7
-25 + 40 - (8 - 2)
9
3 - 2 - -2 - 3 - 2
-2
What is (5 - -6 - 9) + -9?
-7
Calculate (6 + -6 - 4) + 0 + 6.
2
Calculate -2 - (-4 - -4) - -4.
2
Evaluate -12 + 16 + -17 - -11.
-2
Evaluate (-2 - -3) + -16 + 6 + 6.
-3
What is -1 - (-5 - (-7 - -1)) - 3?
-5
Evaluate 2 + -1 - -3 - (14 + -7).
-3
What is the value of (4 - -1) + 6 + -9?
2
Calculate -4 - (0 + (8 - 9)).
-3
What is -6 - (3 + -5 + -1)?
-3
1 + 5 - (3 - (-9 + 7))
1
Calculate -11 + 15 + 0 + 0.
4
Evaluate -4 + (-18 - -21 - (1 - 4)).
2
What is the value of 5 + -3 + 5 - (1 - -12)?
-6
Calculate (1 + 1 - -1) + -1.
2
What is 0 + (-6 - (0 + -3)) - 0?
-3
Calculate 4 + -8 + 11 + -3 - 2.
2
What is the value of -4 - (4 + -2 - 10)?
4
Evaluate -2 + 0 - (61 - 69).
6
Calculate 0 + 2 + -15 + 4 - -5.
-4
-3 + -1 + (-5 - -12) + 0
3
(8 - 6 - 0) + -2
0
Evaluate 28 + -32 - (-1 + -3).
0
Calculate (-6 + 4 - 3) + 9.
4
What is the value of (1 - (-1 - 0)) + 0 + 0?
2
Evaluate 7 + -11 + 7 + (-1 - 5).
-3
(9 - -4) + -12 + 10
11
What is the value of -5 - ((6 - (3 - 2)) + -2)?
-8
(0 + -1 - (10 - 10)) + 0
-1
Evaluate 0 + (3 - (-2 + 3)).
2
What is the value of (1 + -3 - -11) + (17 - 23)?
3
-3 + (-6 - (-3 - 1))
-5
Calculate 6 + (0 - (4 + 9 - 0)).
-7
Calculate (-5 - 2) + 2 + 5.
0
Calculate -6 + 1 - (-4 - (-6 + 5)).
-2
What is the value of -1 + 2 + -5 - -4?
0
-2 + 8 - 1 - 3
2
What is -5 - -2 - (-4 - 0)?
1
Evaluate (-2 - (-2 + -4)) + -3.
1
What is the value of 4 + -14 + 5 + 11?
6
Calculate 0 + (-3 - -10) + -6.
1
Calculate 3 + 0 - (-41 - -42).
2
What is 5 + (0 - (-6 - (-11 + 3)))?
3
What is the value of 18 + (9 + -11 - 8)?
8
-3 - (-1 + (-9 - -5))
2
What is the value of 0 + 0 + 0 - (7 - 8)?
1
7 + 8 + (-1 - 20)
-6
1 + 5 + -6 + (1 - 0)
1
Evaluate -71 + 74 - (0 + 0).
3
Evaluate (31 - 18) + -9 + 5.
9
Calculate -1 - 2 - -5 - (-3 + 4).
1
(1 - 0) + (6 - 6)
1
Calculate (4 - (11 + -2 - 5)) + 0.
0
Calculate 6 + (1 + 3 - 1 - 4).
5
What is the value of 1 - -2 - (-13 - -15)?
1
-1 - (0 - (1 + 3))
3
Calculate -7 - -1 - (-6 - (2 + -5)).
-3
What is the value of -4 - (-5 - (3 + (2 - 5)))?
1
What is the value of -9 - (-4 + 8 + -8)?
-5
-1 + (0 - 1) + (-3 - -2)
-3
What is the value of 7 - 14 - (-1 + -5)?
-1
What is the value of (-8 - -7) + -7 - -17?
9
What is the value of 3 + (-1 - (5 - 2))?
-1
Calculate (-2 - -4) + (2 - 3 - 5).
-4
What is 3 - (-4 - -9 - -4) - -10?
4
What is the value of -8 - -4 - -4 - -4?
4
Calculate -8 + -14 + 15 + 4.
-3
Evaluate (8 - -2) + (-3 - -7) + -10.
4
Calculate (-6 - (-5 - 2)) + (11 - 6).
6
What is the value of -2 + 1 + -2 + 2?
-1
What is the value of (-27 - -25) + -2 + 4?
0
-1 + (10 + -7 - (3 - -1))
-2
What is the value of -6 - -10 - (7 + -2 + 0)?
-1
What is the value of -37 + 35 - (-2 - -1)?
-1
Calculate (-7 - (-6 + 3)) + 4.
0
What is 3 + (3 - -2 - 4) - 5?
-1
Calculate (0 - (-2 + -3)) + 0 - 2.
3
Evaluate -1 - (-12 - -8) - -7.
10
What is 16 - ((21 - 9) + -1)?
5
-1 - (-8 - -18) - -9
-2
What is -1 + -2 + -2 - (66 - 78)?
7
Calculate 10 + 8 + (-18 - -7).
7
What is 1 + -1 + 2 + -4 - -1?
-1
Evaluate 6 + -3 + (-4 + 2 - -9).
10
What is -4 - (-6 + 2) - 1?
-1
What is the value of (5 - (3 + -6 - -14)) + 6?
0
Calculate (-4 - -19 - (7 + -3)) + -3.
8
-14 - -11 - (2 + -6)
1
-3 + (2 - 0) + 5 + -6
-2
What is the value of -8 - (-8 - -5) - -3?
-2
3 + 2 + 2 + -9
-2
(9 - (-1 - (-7 + 2))) + -4
1
Calculate 2 + (-10 - -3 - -3) + 0.
-2
What is 0 + (-2 - -5) - 0 - -1?
4
What is the value of 9 - (-4 - (3 - 14))?
2
Evaluate 0 + 2 - (2 - (14 - 12)).
2
(-4 - 2) + 2 + 4 + 0
0
What is the value of -7 - (8 - (19 + -3))?
1
Calculate (-2 - 1) + (2 - 1) - 1.
-3
Evaluate (-2 - 1) + (-3 - -1).
-5
What is the value of 3 + 1 - (0 - (-6 - -3))?
1
Evaluate -4 + (-2 - 2 - -5).
-3
What is 5 + -4 - (-2 - -4) - 1?
-2
Evaluate 7 + -4 + 4 + -2.
5
Calculate 11 + -23 - (1 + -15).
2
What is (1 - (-18 - -7)) + -6?
6
What is (2 - (-1 - 1)) + -5 - 1?
-2
Evaluate (-5 - 4 - -5) + 7.
3
What is the value of 2 + -1 - -2 - (14 - 10)?
-1
Calculate (-6 - -2 - -6) + (4 - 2).
4
(0 - (-8 + 6)) + -8
-6
What is the value of 8 + (-18 - -10) + -8?
-8
-1 + -2 + -2 + 8
3
What is 0 + (-5 + 4 + -1 - -4)?
2
What is -7 + 0 - (8 + -12)?
-3
Evaluate -4 + 1 + (7 - (10 + -8)).
2
Calculate -4 + (7 - (-3 - -7)).
-1
What is 4 - (-5 + (7 - 1))?
3
12 + -8 - (0 - -1 - -9)
-6
(21 - 26) + (17 - 2) - 2
8
(1 - 0 - 1) + 7 + -8
-1
What is -3 + (-2 - 0 - 0)?
-5
4 + -2 - ((1 - -1) + -1)
1
(-4 - 2) + (-16 - -21)
-1
Calculate -5 + 1 - (1 + -1).
-4
(-2 - (-3 + 4)) + 4 - -1
2
Calculate 2 + -4 + (-1 + 4 - -1).
2
What is the value of (-2 - 10) + 4 + (-3 - -7)?
-4
Evaluate -3 + -1 - (-112 + 114).
-6
What is the value of 2 - (4 - (3 - (0 - -6)))?
-5
Calculate -7 + (7 + -18 - -18).
0
What is the value of 5 + (-1 - -1) - 0 - 8?
-3
Evaluate 1 - -2 - (-14 - (-2 - 7)).
8
Evaluate 12 + 4 + -14 + -11.
-9
Calculate (3 - 0) + -5 + 2 + 3.
3
What is the value of -4 - (-2 + 0 + -1)?
-1
What is the value of 5 + -1 - (42 + -43)?
5
What is 19 + -10 + 4 + (-9 - -1)?
5
Calculate 0 - (-15 + 5) - 5.
5
Calculate -8 + 4 + -2 - (1 - 12).
5
Evaluate -3 - (-8 - (1 + -11)).
-5
48 + -51 + (0 - -5)
2
-3 - (-3 + 5 + -3)
-2
-9 + 1 + (16 - 13)
-5
Evaluate (1 - -3) + 5 + -20 + 4.
-7
Evaluate 6 + -9 - (-2 - (-3 + 0)).
-4
12 - 25 - (0 - 6)
-7
Evaluate (-3 - -4 - -1) + 14 + -12.
4
Evaluate -3 + (-1 - -3 - -2) + -3.
-2
What is (3 - (-4 - 3)) + -7?
3
Calculate 0 + 6 + 1 + (4 - 10).
1
Calculate -36 + 34 + (-1 - -7).
4
What is the value of 2 + 3 + 0 + (0 - 0)?
5
-2 + 4 + -2 + (9 - -1)
10
Calculate -4 + (-6 - (-2 - 13)) - -4.
9
2 + 4 + -13 + 13
6
What is 10 + (2 - (9 + 0))?
3
Evaluate 3 + -5 + 7 + -6.
-1
-1 - (2 + (-1 - -1) + -2)
-1
Calculate 2 - 8 - 1 - (-1 - 12).
6
What is the value of -1 + (-4 - -5 - -2)?
2
Calculate 4 - 3 - (-1 + 2 + -4).
4
What is the value of 3 - (-10 + 6 + 4)?
3
What is 7 - (6 - 5) - 9?
-3
Evaluate -15 + 15 - (2 - (-3 - -1)).
-4
What is the value of (-12 - -3) + 9 + 1 + -5?
-4
0 - (-12 + 5 + 10)
-3
What is -2 - 1 - (-3 - 1)?
1
Evaluate 3 - 9 - (-15 + 7 - -1).
1
-5 - (-6 + (4 - -4) + -4)
-3
What is the value of -3 - (-10 + 14 + -12 + 3)?
2
What is the value of 2 + 0 + -4 + 6?
4
Evaluate 18 - (-6 + 12) - 8 - 2.
2
14 + -1 + (-2 - (-3 + 4))
10
(4 - 6 - -5 - 3) + -4
-4
(-4 - 3) + (9 - 2)
0
What is the value of (-2 - (0 - -3)) + 11 - 1?
5
What is 1 - 2 - (-4 + 2 + 3)?
-2
0 + (10 - 11) - (-8 - -1)
6
What is -1 + 2 + 1 - -1 - 5?
-2
What is 5 + (-5 - (-10 - -5))?
5
-1 + -1 + (-6 - -7) + 5
4
Calculate -6 + (9 - (5 + -5)).
3
Calculate -4 + 4 + (-1 + -1 -